 = 3 - 0. Suppose -4*t + z = -t. Determine a(t).
-4
Suppose 10 = 6*y - y. Let x(s) = 7*s - 11*s**2 + s**3 + 0 - 16*s**y + 5 + 18*s**2. Determine x(8).
-3
Let y(z) = z**2 - 2 + 5 + 3 + 2*z - 5. Let t(r) be the third derivative of -r**6/120 + r**5/30 - r**4/12 + r**3/3 - 2*r**2. Let j be t(2). Give y(j).
1
Let x(r) = -5*r**3 + r**2. Suppose -26*u - 7 = -19*u. Determine x(u).
6
Let r = -17 + 34. Let l = -21 + r. Let h(s) = s**3 + 5*s**2 + 3*s - 3. Calculate h(l).
1
Let a be (-1 - (-5)/(-1))*(-28 + 8). Let i(g) = 16*g**2 + 12*g + a*g**3 - 121*g**3 + 19 - 4*g**2. Calculate i(13).
6
Let o = 217/5540 + 3/277. Let k(u) be the second derivative of 0 + 3*u**2 - 2*u + 0*u**3 + o*u**5 + 1/2*u**4. Give k(-6).
6
Let u(a) = -a**2 + 12*a - 13. Let x(y) = -y**2 + 24*y - 85. Let c be x(5). Give u(c).
7
Suppose -4 - 1116 = 8*f. Let q = f - -133. Let r(y) = y**3 - y + 1. Let z(a) = a**3 - 8*a**2 - 7*a + 11. Let t(l) = -2*r(l) + z(l). What is t(q)?
-5
Let l(z) be the first derivative of 7*z**2/2 + 11*z + 151. Give l(-4).
-17
Let p be 9/(-6)*3*(-8)/12. Let b(v) = v**3 - 3*v**2 + 4*v - 2. Calculate b(p).
10
Suppose 2*t = -6*t + 360. Let w be (-6)/t*6*(-75)/10. Let k(s) = -s**3 + 7*s**2 - 8*s + 9. What is k(w)?
-3
Let q(p) = -p**3 + 4*p**2 + p + 1. Let k(s) = s - 24. Let f be k(11). Let l be f/(-5) + 2/5. Determine q(l).
13
Let w(j) be the second derivative of 2*j**2 + 1/6*j**3 + j + 0. Determine w(4).
8
Let b(n) = -n**2 + 5*n - 3. Suppose -3*p - 2*t = -23, -2*t - 9 = -5*p + 2*t. Calculate b(p).
-3
Let z(r) = -3*r + 6. Let b(m) = 2*m - 3. Let v(k) = 3*b(k) + 3*z(k). Determine v(-10).
39
Let l(h) = -3*h + 4. Let p(o) = 3*o - 4. Let i(f) = -4*l(f) - 5*p(f). Let n be i(0). Let v(d) = -1 - 5 - d + 3*d. What is v(n)?
2
Suppose 8 = -5*g + 28. Let n be (4 - g) + -4 + 8. Let t(m) = m**3 - 4*m**2 - 3*m + 1. What is t(n)?
-11
Let f(u) = 10*u**2 - 1. Let q(k) = -2*k**2 + 14*k - 19. Let r be q(5). Determine f(r).
9
Let u be (-3618)/(-66) + (-4)/(-22). Let y(n) = -105*n + 49*n + u*n. Give y(-7).
7
Let k = 253 + -250. Let d(m) = 9*m - 4. Determine d(k).
23
Let k(n) = 3*n + 7. Let p(r) = -1. Let o(s) = k(s) + 5*p(s). Let c(x) = 3*x + 3. Let a(h) = 3*c(h) - 4*o(h). Calculate a(2).
-5
Let v(c) = c - 3*c + c**2 + 1 + c**3 + 3*c. Let b(t) = -5*t**3 + t**2 - t - 10. Let z(x) = b(x) + 6*v(x). Calculate z(-6).
2
Let m(x) = 4*x - 17. Suppose 0 = 2*b - 10, 43 = y + 2*y + 5*b. Determine m(y).
7
Let v be ((-2)/7)/((-110)/(-770)). Let y(k) = k**2 + 2*k - 1. Determine y(v).
-1
Suppose 0 = 2*r - 4*l - 2, 0 = -r + 6*l - 9*l - 9. Let d(o) = -o**3 - 4*o**2 - o - 2. Determine d(r).
-8
Let n be (24/4)/((-3)/(-2)). Suppose 4*g = -n*g + 8. Let z(r) = -r**3 - 2*r**2 - r + 2. Let b be z(g). Let p(k) = -k**3 + k**2 + 3*k + 1. What is p(b)?
7
Let w(x) = 3*x**2 + x. Let n be w(4). Suppose -s + 16 = 2*u, 3*u - n = -0*s - 5*s. Suppose -7 = 3*o + s. Let v(i) = i**2 + 5*i + 3. Determine v(o).
3
Let u = -42 - -45. Let t(d) = -d**3 + 2*d**2 + d - 3. Let q(c) = c**3 - 2*c**2 + 4. Let g(o) = u*t(o) + 2*q(o). Calculate g(2).
5
Let f be ((-66)/110)/(2*(-1)/20). Let o(a) = a**2 - 7*a + 1. Determine o(f).
-5
Let h(v) = -8*v + 3. Let i be (-1*28)/4*-1. Suppose -s - i = -9. What is h(s)?
-13
Let m = 16 + -20. Let z be (2/3)/(m/(-6)). Let k be z/(-7) + 87/21. Let y(u) = u - 1. What is y(k)?
3
Let q be ((-2)/3)/((-1)/6). Suppose -q + 0 = -2*m. Suppose -8 = -3*y - m. Let r(v) = 3*v**2 - 3*v + 2. Determine r(y).
8
Let l be 1 + (5/10 - 1/(-2)). Let f(b) = -4*b**3 - 10*b**2 + 5*b + 7. Let j(h) = -h**3 - h**2 + h + 1. Let a(t) = -f(t) + 5*j(t). Calculate a(l).
10
Let k = -11 - -15. Suppose 4*z + 0*a - a = -16, a = -k. Let m(d) = -d - 9. Give m(z).
-4
Let s(m) be the third derivative of m**6/120 + m**5/15 - m**4/6 + 40*m**2. What is s(-5)?
-5
Let w(f) be the first derivative of -f**2/2 - 3*f - 6. Let u(k) = k**3 - 14*k**2 - 7. Let n be u(14). Determine w(n).
4
Let c = 2 + 4. Let p(q) = 3*q**3 - 4*q**2 + 3*q - 1. Let f(k) = -7*k**3 + 7*k**2 - 7*k + 2. Let m(j) = 2*f(j) + 5*p(j). Give m(c).
5
Let j(o) = -o**3 - 4*o**2 + o + 4. Let q(l) = l**2 - 7*l - 11. Let p(a) = 0 + 4 + 3*a**2 + 3*a - 2. Let z be p(-2). Let i be q(z). What is j(i)?
-8
Suppose 4*i - 7 - 13 = 0. Let k(t) = -7*t**2 + 22. Let c(j) = 4*j**2 - 11. Let s(n) = i*c(n) + 3*k(n). Let u = -2 + 2. Determine s(u).
11
Let l(s) = -s**2 + 29*s - 178. Let m be l(21). Let j(f) = f + 2. Determine j(m).
-8
Suppose 0*a = 3*a - 3. Let r(j) = -j + 5*j + 2*j + a. Suppose 44*l - 44 = -0*l. What is r(l)?
7
Let m(i) = -2*i**3 + 2*i**2 - 2*i - 3. Suppose 4339*q = 4335*q - 4. What is m(q)?
3
Let b(f) = -2*f**3 - 427 + 2*f + 861 + f**3 - 431 + f. Give b(-2).
5
Let h(j) = 14 - 4*j - 14 - 5. Calculate h(-5).
15
Let m be 7/(196/189) - 2/(-8). Let u(s) = -s**2 + 5*s + 5. Calculate u(m).
-9
Let l = 299 - 311. Let k(v) = -v - 10. Give k(l).
2
Let h be -2*(-3)/15*20. Let j(s) be the third derivative of s**6/120 - 7*s**5/60 - s**4/3 + 2*s**3/3 - 29*s**2 + 3. Determine j(h).
4
Let k(s) = s + 13. Suppose 3*t - 21 = -4*j, -5*j + 0 + 12 = -t. Suppose 7*p - j*p = -44. Give k(p).
2
Suppose 6*p - 30 = p. Let t(f) be the third derivative of -f**6/360 + 7*f**5/120 + f**4/4 + 3*f**2. Let i(k) be the second derivative of t(k). What is i(p)?
-5
Let w(c) = c**3 - 2*c - 1. Let a(n) = -6*n**3 - 13*n**2 + 6*n + 6. Let d(j) = a(j) + 5*w(j). What is d(-13)?
53
Suppose -21 - 9 = -a. Let h be (1 - 8/10) + (-6)/a. Let n(j) = j**3 + j**2 + 6. Give n(h).
6
Let y be -1 - (4/(-4) + -3). Let q(p) be the first derivative of y*p + 1/2*p**2 + 6. Calculate q(0).
3
Let w(o) be the second derivative of -o**3/6 + 5*o**2/2 - 37*o. Give w(5).
0
Let c be (15 - (-6)/6) + -4. Let r(d) = d**3 - 13*d**2 + 10*d + 13. Give r(c).
-11
Let m(x) = 8*x**3 + 11*x**2 - 4*x + 6. Let f(c) = 2*c**3 + 2*c**2 - c + 1. Let p(h) = -5*f(h) + m(h). Give p(-1).
3
Let l(k) = -k - 8. Let s = -5 + 6. Let p = s - -3. Suppose -p*d - 1 = 23. Give l(d).
-2
Suppose -13 = -3*f - 2*h, -h + 9 = f - 5*h. Suppose 0 = 2*n + 4*p + 19 + 7, -5*p - 40 = 3*n. Let q be f/(n/12) + 9. Let z(x) = x**2 - 5*x + 3. What is z(q)?
3
Let q(j) = j. Let s(y) = 6*y - 6. Let v(d) = 5*q(d) - s(d). Let h = 12 + -19. Give v(h).
13
Let f(n) be the third derivative of 1/3*n**3 + 21*n**2 + 0 + 0*n + 1/20*n**5 + 1/6*n**4. Determine f(-2).
6
Let z = 691 - 689. Let o(c) be the first derivative of -c**2/2 + 2*c + 2. What is o(z)?
0
Let q = 55 + -52. Suppose -q*c = -2*c - 5. Let d(v) = v**3 - 4*v**2 - 4*v + 7. Calculate d(c).
12
Let n(j) = 15*j**3 + 2 - 5*j**2 + 19*j**3 + 9*j - 35*j**3. Give n(-6).
-16
Let f(w) = 5*w**2 - 12*w + 3. Let a(n) = 4*n**2 - 11*n + 4. Let u(s) = 6*a(s) - 5*f(s). What is u(-7)?
2
Let k(s) = s**2 + 6*s - 1. Suppose 4*g + 3*y = -1, -3*g + y + 3*y - 32 = 0. Let j be g/(-3) - (-5)/3. Let q = j + -9. Give k(q).
-1
Let w(j) = j**2 + 2*j - 2. Let k(z) = 8*z**2 + 9*z - 6. Let d(l) = -k(l) + 4*w(l). What is d(3)?
-41
Let j be (-1491)/213 + (-5)/(-1). Let y(k) = -23*k - 2. What is y(j)?
44
Let y(h) = -8*h**3 + 4*h**2 - 5*h - 5. Let u(o) = -o**3 + o**2 - o - 1. Let r(m) = 4*u(m) - y(m). Suppose -73*x + 86*x + 13 = 0. Calculate r(x).
-4
Let j(o) = 5*o**2 + 4*o + 5. Let y(x) = 6*x**2 + 5*x + 7. Let u(w) = 3*j(w) - 2*y(w). Give u(-2).
9
Let n(m) = -2*m - 2*m**2 + 1 + 6*m**2 - 2*m + 2. Let y(u) be the first derivative of -u**3/3 - 4*u**2 - 5*u - 6. Let d be y(-7). What is n(d)?
11
Let d(s) = s + 5. Let j(v) = -6 - 58*v - 2 + 2*v**2 + 83*v. Let f be j(-13). Determine d(f).
10
Let v(n) = n + 4. Let c(k) = -k**2 - 13*k - 8. Let z = -14 + 2. Let o be c(z). Suppose 4*a - 16 - o = 0. Determine v(a).
9
Let p = -53 + 55. Let r(g) = -8*g + p*g + 0 + 5 + g**2. What is r(6)?
5
Let q be (2 + -7)*(120/25)/(-6). Let x(g) = -g**2 + 7*g - 4. Calculate x(q).
8
Let o(l) = 12331 - 13*l**2 - 6171 + 0*l**3 + 9*l**2 + l**3 - 6164. Suppose 7*i = 2*i + 10. Suppose x - 9 = -2*w, -i*w + 6*w - 15 = x. What is o(w)?
-4
Let g(z) = 510*z - 264*z + 1 + z**2 - 255*z. Determine g(8).
-7
Let x(m) = m**2. Let g be (-56)/(-14) - (-1 - -2). Suppose g*d = 3*f - 6, 35 = 5*d - 0*d + 4*f. What is x(d)?
9
Let a(g) = -2*g + 3*g + 0*g. Let k(f) = -f**2 - 8*f + 182. Let t be k(-18). Give a(t).
2
Let q(x) = -334 - 3*x - 3*x + 7*x + 341. Suppose -2*f = -6, 4*g - f + 2*f = -9. Let b(r) = r. Let i be b(g). Give q(i).
4
Let s(d) = -d